{"id":1969,"date":"2023-11-15T21:04:46","date_gmt":"2023-11-15T20:04:46","guid":{"rendered":"https:\/\/www.vdecav.sk\/diakonia\/?page_id=1969"},"modified":"2025-11-19T12:44:23","modified_gmt":"2025-11-19T11:44:23","slug":"organizacna-struktura","status":"publish","type":"page","link":"https:\/\/www.vdecav.sk\/diakonia\/index.php\/organizacna-struktura\/","title":{"rendered":"Organiza\u010dn\u00e1 \u0161trukt\u00fara"},"content":{"rendered":"\t\t<div data-elementor-type=\"wp-page\" data-elementor-id=\"1969\" class=\"elementor elementor-1969\">\n\t\t\t\t\t\t<section class=\"elementor-section elementor-top-section elementor-element elementor-element-cbba2f1 elementor-section-boxed elementor-section-height-default elementor-section-height-default\" data-id=\"cbba2f1\" data-element_type=\"section\">\n\t\t\t\t\t\t<div class=\"elementor-container elementor-column-gap-default\">\n\t\t\t\t\t<div class=\"elementor-column elementor-col-100 elementor-top-column elementor-element elementor-element-2af523f\" data-id=\"2af523f\" data-element_type=\"column\">\n\t\t\t<div class=\"elementor-widget-wrap elementor-element-populated\">\n\t\t\t\t\t\t<div class=\"elementor-element elementor-element-a5ecd6b elementor-widget elementor-widget-heading\" data-id=\"a5ecd6b\" data-element_type=\"widget\" data-widget_type=\"heading.default\">\n\t\t\t\t<div class=\"elementor-widget-container\">\n\t\t\t\t\t<h2 class=\"elementor-heading-title elementor-size-default\">Organiza\u010dn\u00e1 \u0161trukt\u00fara Diakonick\u00e9ho domova Elim<\/h2>\t\t\t\t<\/div>\n\t\t\t\t<\/div>\n\t\t\t\t\t<\/div>\n\t\t<\/div>\n\t\t\t\t\t<\/div>\n\t\t<\/section>\n\t\t\t\t<section class=\"elementor-section elementor-top-section elementor-element elementor-element-8cbb8c2 elementor-section-boxed elementor-section-height-default elementor-section-height-default\" data-id=\"8cbb8c2\" data-element_type=\"section\">\n\t\t\t\t\t\t<div class=\"elementor-container elementor-column-gap-default\">\n\t\t\t\t\t<div class=\"elementor-column elementor-col-100 elementor-top-column elementor-element elementor-element-ac20f69\" data-id=\"ac20f69\" data-element_type=\"column\">\n\t\t\t<div class=\"elementor-widget-wrap elementor-element-populated\">\n\t\t\t\t\t\t<div class=\"elementor-element elementor-element-053532f elementor-widget elementor-widget-text-editor\" data-id=\"053532f\" data-element_type=\"widget\" data-widget_type=\"text-editor.default\">\n\t\t\t\t<div class=\"elementor-widget-container\">\n\t\t\t\t\t\t\t\t\t<p><strong>Vedenie DD Elim:<\/strong><br \/>Mgr. Samuel Mi\u0161ko, MBA, \u0161tatut\u00e1r, odborn\u00fd garant<br \/>Mgr. Martina Brehuvov\u00e1, riadite\u013eka soci\u00e1lnych slu\u017eieb<\/p><p><strong>O\u0161etrovate\u013esko-opatrovate\u013esk\u00fd \u00fasek:<\/strong><br \/>MUDr. Du\u0161an Lipt\u00e1k, praktick\u00fd lek\u00e1r<br \/>Bc. Vikt\u00f3ria Labudov\u00e1, zdravotn\u00e1 sestra<br \/>Viera \u010curl\u00edkov\u00e1, zdravotn\u00e1 sestra<br \/>Mgr. Zuzana Strakov\u00e1, zdravotn\u00e1 sestra<br \/>M\u00e1ria Zajaro\u0161ov\u00e1, hlavn\u00e1 opatrovate\u013eka<br \/>Lilia Hubal, opatrovate\u013eka<br \/>Eva Juru\u0161ov\u00e1, opatrovate\u013eka<br \/>Lucia Vargov\u00e1, opatrovate\u013eka<br \/>Silvia Kone\u010dn\u00e1, opatrovate\u013eka<br \/>Anna Ka\u010dm\u00e1rov\u00e1, opatrovate\u013eka<br \/>Magdal\u00e9na Ko\u017elejov\u00e1, opatrovate\u013eka<br \/>Jana Ka\u0148uchov\u00e1, opatrovate\u013eka<br \/>Martina Heredo\u0161ov\u00e1, opatrovate\u013eka<br \/>Bibiana Husivargov\u00e1, opatrovate\u013eka<br \/>Marta Makuchov\u00e1, opatrovate\u013eka<br \/>Iveta Matijov\u00e1, opatrovate\u013eka<br \/>Helena Or\u00e1\u010dov\u00e1, opatrovate\u013eka<\/p><p><strong>Soci\u00e1lny \u00fasek:<\/strong><br \/>Mgr. Lenka Ko\u017elejov\u00e1, in\u0161truktor soci\u00e1lnej rehabilit\u00e1cie<br \/>Mgr. Katar\u00edna Palen\u010d\u00e1rov\u00e1, in\u0161truktor soci\u00e1lnej rehabilit\u00e1cie, administrat\u00edvny pracovn\u00edk<br \/>Bc. Lucia S\u00e1sov\u00e1, in\u0161truktor soci\u00e1lnej rehabilit\u00e1cie<\/p><p><strong>Technick\u00fd \u00fasek:<\/strong><br \/>Silvia \u0160imkov\u00e1, kuch\u00e1rka<br \/>Martina Hal\u017eov\u00e1, pomocn\u00e1 sila v kuchyni<br \/>Jaroslava Dospivov\u00e1, pomocn\u00e1 sila v kuchyni<br \/>Bibi\u00e1na Majern\u00edkov\u00e1, pr\u00e1\u010dka<br \/>Pavol Koles\u00e1r, \u00fadr\u017eb\u00e1r<br \/>Jana Gregorov\u00e1, upratova\u010dka<\/p>\t\t\t\t\t\t\t\t<\/div>\n\t\t\t\t<\/div>\n\t\t\t\t\t<\/div>\n\t\t<\/div>\n\t\t\t\t\t<\/div>\n\t\t<\/section>\n\t\t\t\t<\/div>\n\t\t","protected":false},"excerpt":{"rendered":"<p>Organiza\u010dn\u00e1 \u0161trukt\u00fara Diakonick\u00e9ho domova Elim Vedenie DD Elim:Mgr. Samuel Mi\u0161ko, MBA, \u0161tatut\u00e1r, odborn\u00fd garantMgr. Martina Brehuvov\u00e1, riadite\u013eka soci\u00e1lnych slu\u017eieb O\u0161etrovate\u013esko-opatrovate\u013esk\u00fd \u00fasek:MUDr. Du\u0161an Lipt\u00e1k, praktick\u00fd lek\u00e1rBc. Vikt\u00f3ria Labudov\u00e1, zdravotn\u00e1 sestraViera \u010curl\u00edkov\u00e1, zdravotn\u00e1 sestraMgr. Zuzana Strakov\u00e1, zdravotn\u00e1 sestraM\u00e1ria Zajaro\u0161ov\u00e1, hlavn\u00e1 opatrovate\u013ekaLilia Hubal, opatrovate\u013ekaEva Juru\u0161ov\u00e1, opatrovate\u013ekaLucia Vargov\u00e1, opatrovate\u013ekaSilvia Kone\u010dn\u00e1, opatrovate\u013ekaAnna Ka\u010dm\u00e1rov\u00e1, opatrovate\u013ekaMagdal\u00e9na Ko\u017elejov\u00e1, opatrovate\u013ekaJana Ka\u0148uchov\u00e1, opatrovate\u013ekaMartina Heredo\u0161ov\u00e1, opatrovate\u013ekaBibiana [&hellip;]<\/p>\n","protected":false},"author":1,"featured_media":0,"parent":0,"menu_order":0,"comment_status":"closed","ping_status":"closed","template":"elementor_canvas","meta":{"footnotes":""},"class_list":["post-1969","page","type-page","status-publish","hentry"],"yoast_head":"<!-- This site is optimized with the Yoast SEO plugin v24.7 - https:\/\/yoast.com\/wordpress\/plugins\/seo\/ -->\n<title>Organiza\u010dn\u00e1 \u0161trukt\u00fara - Elim<\/title>\n<meta name=\"robots\" content=\"index, follow, max-snippet:-1, max-image-preview:large, max-video-preview:-1\" \/>\n<link rel=\"canonical\" href=\"https:\/\/www.vdecav.sk\/diakonia\/index.php\/organizacna-struktura\/\" \/>\n<meta property=\"og:locale\" content=\"en_US\" \/>\n<meta property=\"og:type\" content=\"article\" \/>\n<meta property=\"og:title\" content=\"Organiza\u010dn\u00e1 \u0161trukt\u00fara - Elim\" \/>\n<meta property=\"og:description\" content=\"Organiza\u010dn\u00e1 \u0161trukt\u00fara Diakonick\u00e9ho domova Elim Vedenie DD Elim:Mgr. Samuel Mi\u0161ko, MBA, \u0161tatut\u00e1r, odborn\u00fd garantMgr. Martina Brehuvov\u00e1, riadite\u013eka soci\u00e1lnych slu\u017eieb O\u0161etrovate\u013esko-opatrovate\u013esk\u00fd \u00fasek:MUDr. Du\u0161an Lipt\u00e1k, praktick\u00fd lek\u00e1rBc. Vikt\u00f3ria Labudov\u00e1, zdravotn\u00e1 sestraViera \u010curl\u00edkov\u00e1, zdravotn\u00e1 sestraMgr. Zuzana Strakov\u00e1, zdravotn\u00e1 sestraM\u00e1ria Zajaro\u0161ov\u00e1, hlavn\u00e1 opatrovate\u013ekaLilia Hubal, opatrovate\u013ekaEva Juru\u0161ov\u00e1, opatrovate\u013ekaLucia Vargov\u00e1, opatrovate\u013ekaSilvia Kone\u010dn\u00e1, opatrovate\u013ekaAnna Ka\u010dm\u00e1rov\u00e1, opatrovate\u013ekaMagdal\u00e9na Ko\u017elejov\u00e1, opatrovate\u013ekaJana Ka\u0148uchov\u00e1, opatrovate\u013ekaMartina Heredo\u0161ov\u00e1, opatrovate\u013ekaBibiana [&hellip;]\" \/>\n<meta property=\"og:url\" content=\"https:\/\/www.vdecav.sk\/diakonia\/index.php\/organizacna-struktura\/\" \/>\n<meta property=\"og:site_name\" content=\"Elim\" \/>\n<meta property=\"article:modified_time\" content=\"2025-11-19T11:44:23+00:00\" \/>\n<meta name=\"twitter:card\" content=\"summary_large_image\" \/>\n<meta name=\"twitter:label1\" content=\"Est. reading time\" \/>\n\t<meta name=\"twitter:data1\" content=\"1 minute\" \/>\n<script type=\"application\/ld+json\" class=\"yoast-schema-graph\">{\"@context\":\"https:\/\/schema.org\",\"@graph\":[{\"@type\":\"WebPage\",\"@id\":\"https:\/\/www.vdecav.sk\/diakonia\/index.php\/organizacna-struktura\/\",\"url\":\"https:\/\/www.vdecav.sk\/diakonia\/index.php\/organizacna-struktura\/\",\"name\":\"Organiza\u010dn\u00e1 \u0161trukt\u00fara - Elim\",\"isPartOf\":{\"@id\":\"https:\/\/www.vdecav.sk\/diakonia\/#website\"},\"datePublished\":\"2023-11-15T20:04:46+00:00\",\"dateModified\":\"2025-11-19T11:44:23+00:00\",\"breadcrumb\":{\"@id\":\"https:\/\/www.vdecav.sk\/diakonia\/index.php\/organizacna-struktura\/#breadcrumb\"},\"inLanguage\":\"en-US\",\"potentialAction\":[{\"@type\":\"ReadAction\",\"target\":[\"https:\/\/www.vdecav.sk\/diakonia\/index.php\/organizacna-struktura\/\"]}]},{\"@type\":\"BreadcrumbList\",\"@id\":\"https:\/\/www.vdecav.sk\/diakonia\/index.php\/organizacna-struktura\/#breadcrumb\",\"itemListElement\":[{\"@type\":\"ListItem\",\"position\":1,\"name\":\"Home\",\"item\":\"https:\/\/www.vdecav.sk\/diakonia\/\"},{\"@type\":\"ListItem\",\"position\":2,\"name\":\"Organiza\u010dn\u00e1 \u0161trukt\u00fara\"}]},{\"@type\":\"WebSite\",\"@id\":\"https:\/\/www.vdecav.sk\/diakonia\/#website\",\"url\":\"https:\/\/www.vdecav.sk\/diakonia\/\",\"name\":\"Elim\",\"description\":\"\",\"potentialAction\":[{\"@type\":\"SearchAction\",\"target\":{\"@type\":\"EntryPoint\",\"urlTemplate\":\"https:\/\/www.vdecav.sk\/diakonia\/?s={search_term_string}\"},\"query-input\":{\"@type\":\"PropertyValueSpecification\",\"valueRequired\":true,\"valueName\":\"search_term_string\"}}],\"inLanguage\":\"en-US\"}]}<\/script>\n<!-- \/ Yoast SEO plugin. -->","yoast_head_json":{"title":"Organiza\u010dn\u00e1 \u0161trukt\u00fara - Elim","robots":{"index":"index","follow":"follow","max-snippet":"max-snippet:-1","max-image-preview":"max-image-preview:large","max-video-preview":"max-video-preview:-1"},"canonical":"https:\/\/www.vdecav.sk\/diakonia\/index.php\/organizacna-struktura\/","og_locale":"en_US","og_type":"article","og_title":"Organiza\u010dn\u00e1 \u0161trukt\u00fara - Elim","og_description":"Organiza\u010dn\u00e1 \u0161trukt\u00fara Diakonick\u00e9ho domova Elim Vedenie DD Elim:Mgr. Samuel Mi\u0161ko, MBA, \u0161tatut\u00e1r, odborn\u00fd garantMgr. Martina Brehuvov\u00e1, riadite\u013eka soci\u00e1lnych slu\u017eieb O\u0161etrovate\u013esko-opatrovate\u013esk\u00fd \u00fasek:MUDr. Du\u0161an Lipt\u00e1k, praktick\u00fd lek\u00e1rBc. Vikt\u00f3ria Labudov\u00e1, zdravotn\u00e1 sestraViera \u010curl\u00edkov\u00e1, zdravotn\u00e1 sestraMgr. Zuzana Strakov\u00e1, zdravotn\u00e1 sestraM\u00e1ria Zajaro\u0161ov\u00e1, hlavn\u00e1 opatrovate\u013ekaLilia Hubal, opatrovate\u013ekaEva Juru\u0161ov\u00e1, opatrovate\u013ekaLucia Vargov\u00e1, opatrovate\u013ekaSilvia Kone\u010dn\u00e1, opatrovate\u013ekaAnna Ka\u010dm\u00e1rov\u00e1, opatrovate\u013ekaMagdal\u00e9na Ko\u017elejov\u00e1, opatrovate\u013ekaJana Ka\u0148uchov\u00e1, opatrovate\u013ekaMartina Heredo\u0161ov\u00e1, opatrovate\u013ekaBibiana [&hellip;]","og_url":"https:\/\/www.vdecav.sk\/diakonia\/index.php\/organizacna-struktura\/","og_site_name":"Elim","article_modified_time":"2025-11-19T11:44:23+00:00","twitter_card":"summary_large_image","twitter_misc":{"Est. reading time":"1 minute"},"schema":{"@context":"https:\/\/schema.org","@graph":[{"@type":"WebPage","@id":"https:\/\/www.vdecav.sk\/diakonia\/index.php\/organizacna-struktura\/","url":"https:\/\/www.vdecav.sk\/diakonia\/index.php\/organizacna-struktura\/","name":"Organiza\u010dn\u00e1 \u0161trukt\u00fara - Elim","isPartOf":{"@id":"https:\/\/www.vdecav.sk\/diakonia\/#website"},"datePublished":"2023-11-15T20:04:46+00:00","dateModified":"2025-11-19T11:44:23+00:00","breadcrumb":{"@id":"https:\/\/www.vdecav.sk\/diakonia\/index.php\/organizacna-struktura\/#breadcrumb"},"inLanguage":"en-US","potentialAction":[{"@type":"ReadAction","target":["https:\/\/www.vdecav.sk\/diakonia\/index.php\/organizacna-struktura\/"]}]},{"@type":"BreadcrumbList","@id":"https:\/\/www.vdecav.sk\/diakonia\/index.php\/organizacna-struktura\/#breadcrumb","itemListElement":[{"@type":"ListItem","position":1,"name":"Home","item":"https:\/\/www.vdecav.sk\/diakonia\/"},{"@type":"ListItem","position":2,"name":"Organiza\u010dn\u00e1 \u0161trukt\u00fara"}]},{"@type":"WebSite","@id":"https:\/\/www.vdecav.sk\/diakonia\/#website","url":"https:\/\/www.vdecav.sk\/diakonia\/","name":"Elim","description":"","potentialAction":[{"@type":"SearchAction","target":{"@type":"EntryPoint","urlTemplate":"https:\/\/www.vdecav.sk\/diakonia\/?s={search_term_string}"},"query-input":{"@type":"PropertyValueSpecification","valueRequired":true,"valueName":"search_term_string"}}],"inLanguage":"en-US"}]}},"_links":{"self":[{"href":"https:\/\/www.vdecav.sk\/diakonia\/index.php\/wp-json\/wp\/v2\/pages\/1969","targetHints":{"allow":["GET"]}}],"collection":[{"href":"https:\/\/www.vdecav.sk\/diakonia\/index.php\/wp-json\/wp\/v2\/pages"}],"about":[{"href":"https:\/\/www.vdecav.sk\/diakonia\/index.php\/wp-json\/wp\/v2\/types\/page"}],"author":[{"embeddable":true,"href":"https:\/\/www.vdecav.sk\/diakonia\/index.php\/wp-json\/wp\/v2\/users\/1"}],"replies":[{"embeddable":true,"href":"https:\/\/www.vdecav.sk\/diakonia\/index.php\/wp-json\/wp\/v2\/comments?post=1969"}],"version-history":[{"count":10,"href":"https:\/\/www.vdecav.sk\/diakonia\/index.php\/wp-json\/wp\/v2\/pages\/1969\/revisions"}],"predecessor-version":[{"id":2286,"href":"https:\/\/www.vdecav.sk\/diakonia\/index.php\/wp-json\/wp\/v2\/pages\/1969\/revisions\/2286"}],"wp:attachment":[{"href":"https:\/\/www.vdecav.sk\/diakonia\/index.php\/wp-json\/wp\/v2\/media?parent=1969"}],"curies":[{"name":"wp","href":"https:\/\/api.w.org\/{rel}","templated":true}]}}